 23660. Calculate the remainder when s is divided by 92.
48
Let o be 5 + (1048/10 - 12/15). Suppose q + n - o = 0, q = 4*n - 43 + 142. What is the remainder when q is divided by (-70)/(-6) - 2/(-6)?
11
Let m(o) = -o**3 - 2*o**2 + 3*o + 3. Let b be m(0). Suppose -4*v + 912 + 96 = -b*a, -v + 269 = -5*a. What is the remainder when v is divided by 36?
33
Suppose 3*g - 181 = -5*q, 0 = 278*q - 276*q - g - 79. What is the remainder when 12614 is divided by q?
36
Let p(r) = -r**2 + 20*r + 127. What is the remainder when 28/35 - 296/(-5) is divided by p(24)?
29
Suppose 4*p = 117 + 19. Let t(r) be the first derivative of -22*r**2 - 225*r - 93. What is the remainder when t(-8) is divided by p?
25
Let l = 26393 - 19363. What is the remainder when l is divided by 24?
22
Let v be 8*(-15564)/(-768) - 3/(-72)*-3. Let m(b) = -b**2 + 4*b + 1. Let a be m(3). Suppose -2*j = a*j - v. Calculate the remainder when 51 is divided by j.
24
Let j(s) = 2*s**3 + 3*s**2 + 2*s - 23. Calculate the remainder when j(3) is divided by 17.
13
Let g be ((-33)/2)/(6/(-36)). Let a = g - 88. What is the remainder when 43 is divided by a?
10
Let q be 12/21*(7/2)/1. Suppose -3*z = -q*p - 12, -4*z + 4*p - p + 17 = 0. Calculate the remainder when z is divided by 5/2*(-8)/(-10).
0
Let c be (1/(-3))/(2/786). Let s = 14 - c. What is the remainder when s is divided by 21?
19
Let u = 983 - 440. Calculate the remainder when u is divided by 7.
4
What is the remainder when 62 is divided by -3 - (-80)/(-24)*12/(-8)?
0
Suppose 22*i + 968 = 66*i. Suppose -2*t + 0 = -30. Suppose 4*l + t = 47. Calculate the remainder when i is divided by l.
6
Let l = -3606 - -5529. What is the remainder when l is divided by 194?
177
Let y = 226 + -53. Let z = -143 + y. Let i(d) = 2*d**2 + 4*d - 9. What is the remainder when i(6) is divided by z?
27
Suppose 4*v + 4*i = 28, 7 - 1 = -2*v + 2*i. Suppose -v*u = -3*w + 303, 0*w - 4*w = u + 168. What is the remainder when 24 is divided by (4/(-6))/((-2)/u*-4)?
11
Let a = -47 - -51. Suppose 5*g + 0*z + z - 3 = 0, -a*z = g - 12. Suppose -2*x = -0*x - 10, g = -j - 4*x + 32. What is the remainder when 30 is divided by j?
6
Suppose 365*r - 12737 = 25953. Calculate the remainder when 165 is divided by r.
59
Suppose -5*r + 131 - 35 = 2*n, -3*r = 3*n - 63. Let z(j) = -j**2 - 4*j + 52. Calculate the remainder when z(0) is divided by r.
16
Let p = -28 + 29. Let o(f) = 10*f**3 + 3*f**2 - 4*f. Let r be o(p). Suppose -57 - 44 = -c + 2*z, 3*z = -r. What is the remainder when c is divided by 26?
17
Suppose -t - 5440 = -5*d, -5*d + 5*t = -10*d + 5410. What is the remainder when d is divided by 9?
7
Suppose 7 = 6*h + 709. Let q = 83 + h. Let p = q - -148. Calculate the remainder when p is divided by 29.
27
Suppose -1150 = -2*g + 4*m, -557 = 4*g - 5*g - 4*m. Suppose -138 = 3*l + z - g, 577 = 4*l - z. Let f = l - 107. What is the remainder when f is divided by 20?
17
Suppose 5*s - 2*x + 0*x = 200, -5*s - 3*x + 175 = 0. Calculate the remainder when 4635 is divided by s.
37
Let x(a) be the third derivative of a**5/60 + a**4/24 - a**3/2 - 259*a**2. Suppose -2 = -h + 58. What is the remainder when h is divided by x(3)?
6
Suppose -6*d = -5*d + 5*w + 18, -4*d - 5*w = -3. What is the remainder when 1872 is divided by d?
3
Let g = -171 - -168. Calculate the remainder when 65 is divided by -4 - (-1 + (-21)/(-3)*g).
11
Calculate the remainder when 26*(-80)/(-260) + 93 is divided by 62.
39
Let n = 646 + -595. Suppose -5*f - 2*x = -74, 0 = -3*f - 3*x + 15 + 33. Calculate the remainder when n is divided by f.
9
Let c = 53 - 2. What is the remainder when (3/20 + 10/40)*(-17440)/(-64) is divided by c?
7
Suppose -6*y = -87 - 3. Suppose 134*v = 124*v + 300. Calculate the remainder when v is divided by y.
0
Let c(x) = -x**2 - 906*x + 5479. Suppose -2*i = -3 - 31. What is the remainder when i is divided by c(6)?
3
Let g = -245 + 100. Let s = g - -161. Calculate the remainder when 62 is divided by s.
14
Let y(l) = 32*l + 3. Calculate the remainder when 625 is divided by y(0).
1
Let t(k) = k**3 + 16*k**2 + 35*k + 92. What is the remainder when t(-13) is divided by 32?
16
Suppose 0 = -a + l + 19, 5*a + l + 639 = 698. Let n = 38 - 15. Calculate the remainder when n is divided by a.
10
Let a(s) = -2*s**3 + 112*s**2 + 230*s + 129. Let h = 638 - 405. Calculate the remainder when h is divided by a(58).
12
Suppose 20*l - 259 = 161. Suppose -t + l = -0*t. Suppose 5*d + 85 = 2*f, -4*d + 3*d = -5. What is the remainder when f is divided by t?
13
Suppose -2110 = -157*k + 2272 - 771. Suppose -5*q + 328 = -q. Calculate the remainder when q is divided by k.
13
Suppose 3*s + 19*m = 16*m + 1101, 4*m + 1516 = 4*s. What is the remainder when 755 is divided by s?
9
Let p(t) = -32*t + 3. Let w(b) = -4*b**2 - 10*b - 3. Let f be w(-5). Let x = f + 52. Calculate the remainder when p(x) is divided by 10.
5
Let m = -644 + 2820. What is the remainder when m is divided by 14?
6
Suppose -1848 = 8*z - 20*z. Let r = -58 + z. Calculate the remainder when r is divided by 33.
30
Let s(i) = 4*i - 18. Let f be s(5). Let j be -3*((-6)/2 + f)*1. Suppose -3*r - 2*r = j*k - 232, -3*r = 4*k - 302. What is the remainder when k is divided by 25?
24
Let o = -1186 + -86. Calculate the remainder when o/16*(-4 + 4/3) is divided by 9.
5
Let s(d) = d**3 + 28*d**2 - 96*d - 30. Calculate the remainder when 8062 is divided by s(-31).
61
Calculate the remainder when (-1 + 44)/(19 - 5668/299) is divided by 32.
29
Let g be 5*1*30/(-25) + 1. What is the remainder when g*(-4)/(-40) - (-746)/4 is divided by 38?
34
Suppose 0*n + 13 = n. Let u = -839 + 847. Suppose -u*x = -3*x - v - 124, x + 4*v = 29. What is the remainder when x is divided by n?
12
Let z be (3*1324/(-6))/(-3 + 1). Suppose -7*i + z + 586 = 0. What is the remainder when i is divided by -6*48/(-9) - -1?
32
Let z(w) = 293*w**3 + 9*w - 7. Calculate the remainder when z(1) is divided by 50.
45
Suppose 0 = -4*y - 4*t - 1780, 0 = 2*y + 109*t - 104*t + 902. Let d = 585 + y. Calculate the remainder when d is divided by 37.
33
Suppose 32*m = 35*m. Suppose 24*k - 187 - 269 = m. What is the remainder when 29 is divided by k?
10
Suppose -2*d + 32 = 24. Calculate the remainder when (d - 7 - -3) + 36 is divided by 4.
0
Let b be (-1 - -4)*((-8)/(-3))/4. Suppose 0 = -b*r + 218 + 100. What is the remainder when r is divided by 18?
15
What is the remainder when 700 is divided by ((-1)/(-3))/(2/(-12)) + 210?
76
Let r(x) = 12*x + 40. Let j(a) = -3. Let t(m) = -8*j(m) + r(m). What is the remainder when 109 is divided by t(-3)?
25
Let a be (-1)/(2/(-24)*3). Let t(d) = 100*d**3 + d**2 - d. Let h be t(1). Suppose -100 = -a*v + h. What is the remainder when 248 is divided by v?
48
Let r(d) = 6*d**3 - 2*d**2 - d. Suppose 0 = -u - 1599*w + 1603*w + 71, 46 = 2*u - 2*w. Calculate the remainder when r(2) is divided by u.
3
Calculate the remainder when 109 is divided by 4 + -4 + 108 + -5.
6
Let j(c) = -c**2 - 32*c + 71. Let u be j(-34). Suppose -u*a = -2*a + 4*y - 9, -2*a - 2*y + 48 = 0. Calculate the remainder when 56 is divided by a.
27
Suppose a - 10 = -5*b, 40 = 4*a - 5*b + 7*b. What is the remainder when 968 is divided by a?
8
Suppose 0 = 16*a - 4913 + 1553. What is the remainder when a is divided by 114?
96
Let c(i) = 38*i**2 + 30*i + i**3 + 56 + 20*i - 11*i**2. Calculate the remainder when 108 is divided by c(-25).
52
Let g be (1 + 0 + -2)/1. Let i(l) = l + 1. Let u be i(g). Let y = u - -11. What is the remainder when y is divided by 7?
4
Let s be (-1)/(30/27 - 1). Let r = -39 - s. Let j = -13 - r. Calculate the remainder when j is divided by 4.
1
What is the remainder when (-177*(-12)/(-90)*5)/(18 - 20) is divided by 30?
29
What is the remainder when 1529 is divided by (-96)/240*(57/(-2) - 4)?
8
Suppose -2249*f = -2264*f + 13140. What is the remainder when f is divided by 176?
172
Suppose -10*k - 69*k + 21*k = -1186622. What is the remainder when k is divided by 55?
54
Suppose -13*v + 31*v = 5400. What is the remainder when v is divided by 107?
86
Let y = 143 + 432. Calculate the remainder when y is divided by 113.
10
Suppose 6*u = -7*u + 416. What is the remainder when 408 is divided by u?
24
Let s = 496 + -698. Let v = 235 + s. Calculate the remainder when 110 is divided by v.
11
Suppose -24*u = -327 - 1185. Let s = 27 -